120212201?
111120212111
In base 3, what is 111221212000 + -2?
111221211221
In base 4, what is 2200033011 - 13?
2200032332
In base 8, what is 312570663 - 5?
312570656
In base 8, what is 305 - 4640304?
-4637777
In base 14, what is 1040 + a088?
b0c8
In base 14, what is 1a0307 + 297?
1a05a0
In base 10, what is -7916 + 159?
-7757
In base 15, what is 6b01b9b - -3?
6b01b9e
In base 11, what is -111160 - -176?
-110a95
In base 2, what is 1000011011100000100011111 + 100?
1000011011100000100100011
In base 14, what is -670d - -430?
-62bd
In base 3, what is -210 + 121111221202202?
121111221201222
In base 6, what is 2450452 + 4332?
2455224
In base 15, what is 960 - 7de8e?
-7d52e
In base 8, what is 311165000 + 4?
311165004
In base 10, what is 11914 + 10229?
22143
In base 3, what is -110222 + 200122222?
200012000
In base 2, what is -10000110000111011110001 + 10?
-10000110000111011101111
In base 2, what is -110 - -110111001100000001000?
110111001100000000010
In base 16, what is 31 + 9253?
9284
In base 4, what is 0 + -33222301322?
-33222301322
In base 12, what is -243b848 - 78?
-243b904
In base 15, what is 521 + e93?
14b4
In base 5, what is 32422443 - -2420?
32430413
In base 4, what is 10323311 + -33020?
10230231
In base 8, what is 11 - -7364066?
7364077
In base 11, what is 65 + 720241?
7202a6
In base 7, what is -145622615 - -12?
-145622603
In base 7, what is -36 + -5311?
-5350
In base 10, what is 48 + 85776?
85824
In base 15, what is -5 + -11216e?
-112174
In base 13, what is -10ac8 + 150c?
-c5b9
In base 11, what is -1115a9 + 59?
-111550
In base 5, what is 314434 - -11201?
331140
In base 3, what is 120 + 2222001110000?
2222001110120
In base 13, what is 14 - 2961240?
-2961229
In base 13, what is -15496b61 + -2?
-15496b63
In base 8, what is 515611 + -3372?
512217
In base 3, what is -12020001101121102 + 10?
-12020001101121022
In base 7, what is -1244 + -26226?
-30503
In base 2, what is 1011101010 + 10000001110?
11011111000
In base 10, what is 5 - -60869136?
60869141
In base 11, what is 73212057a - 1?
732120579
In base 10, what is 171 - 17805?
-17634
In base 13, what is -224 + 6914?
66c0
In base 3, what is 1020 - -10112201220?
10112210010
In base 10, what is 55441 + -1631?
53810
In base 4, what is 112 - -1033220310?
1033221022
In base 14, what is 30335d5 - -2?
30335d7
In base 6, what is -222245 + 13344?
-204501
In base 8, what is -155272 + 14?
-155256
In base 3, what is -2122010 + 1020001011?
1010102001
In base 16, what is 532 - -5721?
5c53
In base 2, what is 111010000 - 10101101101101000110?
-10101101100101110110
In base 6, what is -11300240 - -1340?
-11254500
In base 9, what is 170 + -24738?
-24558
In base 12, what is -3a + -49649?
-49687
In base 4, what is 12011323232 - -1021?
12011330313
In base 8, what is -42576317 + -5?
-42576324
In base 13, what is 35598c8 - 6?
35598c2
In base 15, what is 82 + -35345?
-352b3
In base 14, what is 170 + -2667?
-24d7
In base 3, what is 202121101221 + 0?
202121101221
In base 8, what is 0 - 3341756?
-3341756
In base 6, what is -212 - 20310251?
-20310503
In base 15, what is -6b6582 - 3?
-6b6585
In base 11, what is 25 - -299228?
299252
In base 10, what is -1183 - 3890?
-5073
In base 6, what is -421 + 34010?
33145
In base 10, what is 3222 - 5694?
-2472
In base 11, what is 0 + 3007890?
3007890
In base 4, what is -23200102 + 322103?
-22211333
In base 8, what is 11 + -514542273?
-514542262
In base 3, what is -10 + 110000100022221?
110000100022211
In base 13, what is -1aa5434 + -4?
-1aa5438
In base 14, what is -14 + 15698?
15684
In base 9, what is -2 - 83353772?
-83353774
In base 11, what is 4 - -6a8706?
6a870a
In base 14, what is 4bd9931 - 4?
4bd992b
In base 13, what is 557b - 296?
52b5
In base 4, what is -1320112113 + -110333?
-1320223112
In base 7, what is -134211 + -40460?
-205001
In base 15, what is 1b8e3 + -8a7?
1b03b
In base 15, what is 141e + 5054?
6473
In base 15, what is 0 - 44d9dc?
-44d9dc
In base 16, what is f3d574 - 1?
f3d573
In base 7, what is -564666004 + -2?
-564666006
In base 10, what is -1599458 + -50?
-1599508
In base 9, what is 14607 + -3017?
11580
In base 9, what is 0 + -87075435?
-87075435
In base 3, what is 12002 - 200122210?
-200110201
In base 13, what is 22 + a21ac?
a2201
In base 8, what is -32173460 + 205?
-32173253
In base 6, what is 1440 + 143303?
145143
In base 9, what is -3618068888 - -5?
-3618068883
In base 5, what is 10 - 1334210202?
-1334210142
In base 7, what is 26405326446 + 0?
26405326446
In base 13, what is -9b1c9 + -63?
-9b25c
In base 3, what is 2012222022212020 - 22?
2012222022211221
In base 8, what is -544 - -76564?
76020
In base 5, what is 11010224344 - -1?
11010224400
In base 4, what is -3223302213121 - 0?
-3223302213121
In base 16, what is 8 + 41e2bf5?
41e2bfd
In base 6, what is 31134422 + -25?
31134353
In base 15, what is db9 - 21?
d98
In base 15, what is aa55b + 6?
aa562
In base 15, what is 265ed + 11b?
26719
In base 13, what is 2c9 - 149106?
-148b0a
In base 6, what is 141532305 + 3?
141532312
In base 4, what is -11 + 32312303322222?
32312303322211
In base 5, what is -1122 - -32242034?
32240412
In base 9, what is -115447618 - 2?
-115447621
In base 4, what is -211011 - 1010202?
-1221213
In base 5, what is -1334200432 - 10?
-1334200442
In base 15, what is b40a8 + -69?
b403e
In base 10, what is -859 + -1147?
-2006
In base 10, what is 18661590 + -3?
18661587
In base 15, what is 2 - 1e8b0?
-1e8ad
In base 9, what is -14646187 - 4?
-14646202
In base 8, what is 331 - 637025?
-636474
In base 5, what is -2 - -10030312433?
10030312431
In base 15, what is 112bb + -1319?
eea2
In base 5, what is 2 - 2320243042?
-2320243040
In base 14, what is 213c + 12c9?
3427
In base 2, what is -1101000010011 - 110011010000111?
-1000000010011010
In base 13, what is 6a + -1138907?
-113886a
In base 11, what is -622943 - 1a?
-622962
In base 7, what is 366350131 - 5?
366350123
In base 10, what is -25526519 + 1?
-25526518
In base 11, what is 16 - -a73873?
a73889
In base 11, what is 4 + -1387141?
-1387138
In base 6, what is -1414 + -3404333?
-3410151
In base 5, what is -113102401 - -10?
-113102341
In base 2, what is 111 - -1000011001100100001100?
1000011001100100010011
In base 12, what is b - 8ab13?
-8ab04
In base 13, what is 2b0a + -952?
2188
In base 11, what is -5 + -103a36?
-103a40
In base 5, what is -3002302 + 41421?
-2410331
In base 9, what is 1207270 - 13?
1207256
In base 11, what is -2368 + 593?
-1885
In base 5, what is -1 + 30330143412?
30330143411
In base 13, what is 1a73a176 + -4?
1a73a172
In base 3, what is -201100102200212 - -1?
-201100102200211
In base 15, what is -1691 - e9a?
-263b
In base 5, what is 230304430 + 0?
230304430
In base 15, what is 57368e + 1c?
5736ab
In base 7, what is 23150 - 66531?
-43351
In base 6, what is 34151 + 121400?
155551
In base 14, what is 13ad4b + -9?
13ad42
In base 3, what is 12021 - 10201222212201?
-10201222200110
In base 9, what is 10580 - 4214?
5365
In base 4, what is 2 + 300213121311?
300213121313
In base 11, what is 48073074 + -2?
48073072
In base 6, what is 125 - 11544150?
-11544021
In base 16, what is -1c + 9f905?
9f8e9
In base 16, what is 11b0f - 274?
1189b
In base 4, what is 10121 - -10222230?
10233011
In base 11, what is 2 + 91035706?
91035708
In base 10, what is -4878667 - 5?
-4878672
In base 2, what is -101001111010110 - 110000101?
-101010101011011
In base 9, what is -10605528 + -48?
-10605577
In base 16, what is -f19d5d + 0?
-f19d5d
In base 8, what is -5377117 + -4?
-5377123
In base 6, what is -555 - 2015320?
-2020315
In base 6, what is 23 - -21440321?
21440344
In base 6, what is 3430325 + -13215?
3413110
In base 13, what is 73b - -1344b?
13b89
In base 8, what is 2 - 22760053?
-22760051
In base 10, what is 22288 - 1166?
21122
In base 16, what is 3 - -373dec6?
373dec9
In base 14, what is -5 + -763577?
-76357c
In base 16, what is -1d5448 - a?
-1d5452
In base 3, what is 100121021 + 2211111?
110102202
In base 6, what is -5 - 1122122324?
-1122122333
In base 8, what is -2072067125 - -3?
-2072067122
In base 4, what is 11 + 1030223212101?
1030223212112
In base 11, what is -145a066 - 2?
-145a068
In base 3, what is 220020222110 + -102?
220020222001
In base 8, what is -72441 + -103?
-72544
In base 5, what is 10 + -10042032320?
-10042032310
In base 6, what is 122 - 50553?
-50431
In 